ppose -8 = -m - 4*p + 8, 0 = -g*m + 4*p + 104. What is the highest common factor of 40 and m?
8
Suppose -5*s = -a - 4*s + 7, -53 = -4*a - s. Suppose a*g - 52 = 8. Calculate the highest common divisor of g and 5.
5
Let d be 138 + ((-85)/68)/(1/4). Suppose 13*o - 127 = d. Calculate the highest common factor of o and 20.
20
Let k be (29 - 1)*51/6. Let h be ((-102)/(-4))/((-713)/(-124) - 5). What is the highest common divisor of k and h?
34
Let x = 7258 - 7229. Suppose 0 = 10*l - 20*l + 7250. What is the highest common factor of l and x?
29
Suppose 0 = 611*k - 649*k + 90402. What is the highest common factor of k and 78?
39
Let l(r) = -1646*r + 226. Let b be l(-7). What is the highest common divisor of b and 24?
12
Let i = 133 + -133. Suppose -9 = -3*j - i, -5*j + 57 = 3*f. What is the greatest common factor of f and 434?
14
Let p be 3/(7/(-50) + 20/100). Let l = p + -23. What is the highest common factor of 36 and l?
9
Let g(i) be the third derivative of 67*i**4/24 - 16*i**3/3 - 5*i**2 + 3*i. Let o be g(1). What is the highest common divisor of o and 77?
7
Suppose 0 = 32*q + 8*q - 26200. Let o = q - 336. What is the greatest common factor of 33 and o?
11
Let u be (-60)/(-10) + 1 + -5. Suppose u*v + 61 = v. Let y = -57 - v. Calculate the greatest common factor of 1 and y.
1
Suppose 34*b + 117 - 492 = 135. Suppose -5*f + 1289 = -586. Calculate the highest common divisor of b and f.
15
Let j = 400 + -427. Let z be (j/4)/((-12)/128). Calculate the highest common divisor of 18 and z.
18
Let x(b) = 4*b**2 + 208*b - 1049. Let m be x(5). What is the greatest common factor of m and 3107?
13
Let s = -488 - -487. Let t(b) = -4*b + 38. Let r be t(s). Calculate the greatest common factor of 448 and r.
14
Let r(w) = 6*w**2 + 3*w - 12. Let g be r(3). Let i = 338 - 134. Suppose 0 = -g*z + 55*z - i. What is the highest common factor of z and 119?
17
Let j = -25 + 19. Let y be (-21)/3 + 3 - j. Let d(p) = 44*p**2 + p - 2. Let r be d(y). What is the highest common divisor of r and 16?
16
Let j(i) = i**3 - 9*i**2 - 38*i - 14. Let r be j(13). Let z = r + -59. Suppose 0 = -7*s + 3 + z. Calculate the highest common factor of s and 64.
16
Suppose 0 = -l + 30*l - 2929. Calculate the highest common divisor of l and 6464.
101
Let t be (-355)/5*(-14)/(-70)*-1135. What is the highest common factor of 227 and t?
227
Let w(a) = a**3 - a**2. Let t be w(0). Suppose 3*h - 348 + 51 = t. Let n(g) = 14*g + 1115. Let y be n(-79). Calculate the greatest common divisor of y and h.
9
Suppose 82*v - 79*v + 5*b = 818, -4*v - 5*b + 1094 = 0. What is the highest common divisor of 12 and v?
12
Suppose -2*t = 3*t - u - 76, -2*u = t - 24. Suppose 18*c = 65*c + 42*c - 9968. What is the greatest common factor of c and t?
16
Let j be 46483/207 + 2/(-36)*-8. Calculate the greatest common divisor of 18 and j.
9
Let c be (6500/(-7))/((-166)/2905). Calculate the highest common divisor of 26 and c.
26
Suppose -5332 = -v - 123*v. Suppose 0 = j, -2*j + 1505 = 5*g + 2*j. Calculate the greatest common divisor of v and g.
43
Let s(x) = 2*x**3 + x**2 + x. Let k(p) = 9*p**3 + 5*p**2 + 5*p - 27. Let g(a) = -k(a) + 4*s(a). Let i be g(0). What is the highest common divisor of 36 and i?
9
Let w(k) be the third derivative of k**5/60 - 2*k**4/3 + 29*k**3/6 - 53*k**2. Let l be w(14). What is the greatest common divisor of 13 and l?
1
Let t be (-1164)/(-72) - -8 - ((-65)/(-30))/13. Let b = -2 - -5. Suppose 336 = -b*r + 5*r. What is the greatest common divisor of t and r?
24
Suppose -167*m + 474*m + 195*m - 42168 = 0. Let a(w) = 2*w**2 - 3*w**2 - 10*w + 0*w - 4. Let z be a(-8). Calculate the highest common factor of m and z.
12
Let n = -47 - -80. Let y = -30 + n. Suppose -36 = -y*f + f. What is the greatest common divisor of f and 12?
6
Suppose 22321 = -10*o + 53321. Calculate the greatest common divisor of 155 and o.
155
Let z = 8629 + -8563. Calculate the greatest common divisor of 3498 and z.
66
Let r = 3669 + -3565. What is the highest common factor of r and 1911?
13
Suppose a - 2*a = 4*q - 219, -4*a + 916 = -4*q. Let i = -203 + a. Calculate the highest common divisor of 80 and i.
8
Let s = 50 + -36. Let a be 496/s - (-51)/(-119). Let g = -24 + a. What is the highest common divisor of g and 22?
11
Let y(h) = -251*h + 6682. Let p be y(26). Calculate the highest common factor of 186 and p.
6
Let u(n) = -54*n**2 + 27*n**2 - 2*n - 12 + 28*n**2 - 8. Let r be u(6). What is the highest common factor of r and 28?
4
Suppose -3*p = 2*p - 145. Let s = 47 - 62. Let c(g) = -g**3 - 15*g**2 - 6*g - 32. Let l be c(s). What is the highest common factor of p and l?
29
Let y = -79 - -82. Let r(v) = 5*v**2 + 15*v - 54. Let n be r(y). What is the greatest common factor of 18 and n?
18
Let p(j) = -14*j - 276. Let f be p(-18). Let q be 65*((-4)/10)/(6/f). What is the greatest common divisor of 52 and q?
52
Let y be (-84152)/335 - 1/(-5). Let j = 252 + y. Let t(z) = -7*z**3 + z**2 + z. Let s be t(-1). What is the greatest common divisor of s and j?
1
Let x be 429/9 + (-105)/(-315). Calculate the highest common divisor of 1452 and x.
12
Suppose -5*q + 1306 - 10 = -d, 0 = -d + 4. What is the greatest common factor of q and 884?
52
Let u = -4277 - -4373. What is the highest common factor of 1632 and u?
96
Let h = 3520 + -3278. Suppose -m + 3*m - 44 = 0. Calculate the greatest common factor of m and h.
22
Suppose 4*s + 2*x = 7*x - 1001, -253 = s - 4*x. Let l = s + 285. Let v(g) = 2*g**3 - 4*g**2. Let a be v(3). What is the highest common factor of l and a?
18
Suppose 3*l + o = 18568, 4*l - 21244 = -4*o + 3492. Calculate the highest common factor of l and 32.
16
Suppose 0 = 4*q - 4, 0*k + 2*q = -2*k + 8. Suppose -3*d = -2*h + 37, -4*h - 10 = k*d - 93. What is the highest common factor of h and 320?
20
Let f be 11 - (-50 + (11 - 0)). Suppose 2*m = -2*m. Let y be (-2 - -12)*(1 + m). What is the greatest common divisor of y and f?
10
Let a(l) = 2*l - 5. Let g be a(7). Suppose -3*b - 156 = -3*o, g = -2*o - b + 128. Suppose 2*p - 127 = 25. What is the highest common divisor of p and o?
19
Let q = -6285 - -6339. Calculate the highest common factor of 1710 and q.
18
Suppose 133*j - 40 = 132*j. Suppose 6*n - 128 = j. Calculate the highest common factor of n and 28.
28
Let b(a) = a**2 + 3*a - 8. Let y be b(-5). Suppose -y*m + 291 = 3*s, 4*s = m - 5*m + 580. Let n = -132 + m. What is the greatest common factor of n and 8?
4
Let r(f) = 6*f - 4*f**2 + 17*f + 14 - 27*f + 3*f**2 + 13*f. Let p be 1 + (0 - 0) + 5. Let t be r(p). What is the greatest common divisor of t and 352?
32
Let s(n) = 2*n**2 - 42*n + 72. Let c be s(21). What is the highest common factor of 588 and c?
12
Suppose -2*p - 6*z + 14 = -4*z, -29 = -2*p - 5*z. Suppose 18*t - 60 = -p*t. Calculate the greatest common factor of t and 12.
3
Let k be (-4 - (-18)/4) + (-1023)/6. Let d = k + 179. Calculate the highest common divisor of 48 and d.
3
Suppose -13*s - 2797 + 12417 = 0. Calculate the greatest common divisor of 2405 and s.
185
Suppose -l - 637 + 694 = 0. Suppose 13 = -4*w + l. Let k be (-2)/1 - 19*-3. Calculate the greatest common factor of w and k.
11
Suppose -5*s - 4 = 4*j + 290, 0 = 5*j + 5. Let w = 10 - s. Let p = -25013 + 25183. What is the highest common factor of p and w?
34
Let t be (12/8)/((-270)/(-268) - 1). Let a = -156 + t. Let w be 2/(-8) - (-121)/4. Calculate the highest common divisor of w and a.
15
Let h(w) = 7*w**2 - 30*w + 137. Let q = -152 - -158. Let m be h(q). What is the highest common factor of 19 and m?
19
Suppose 0 = -0*t + t - 1, -u = -3*t + 35. Let r = u - -1. Let d = r - -42. Calculate the greatest common divisor of 22 and d.
11
Let a = -39024 + 51722. Calculate the highest common divisor of 14 and a.
14
Let g be (-2905)/14*((-16)/16 + 6/10). Calculate the highest common divisor of 4731 and g.
83
Suppose -8*s + 3263 + 1377 = 0. Suppose 15*c - s = 10*c. Let y = c + -111. What is the greatest common factor of y and 5?
5
Let w = 360 + -107. Let t = 263 - w. Calculate the greatest common divisor of t and 90.
10
Suppose 0*d = 3*d - 15. Suppose -d*b + 0*z + 503 = 3*z, 2*b + 4*z = 204. Let m = 8864 - 8839. What is the highest common divisor of m and b?
25
Suppose z + 5*x - 632 = 0, -4*x = -10*z + 6*z + 2432. Suppose z = 3*o - o. Calculate the highest common diviso